ided by u(x).
12
Let x(k) = -3 - 5*k**2 - 4*k - 19*k + 3*k. Let b(g) = 3*g**2 + 13*g + 2. Let w(j) = -8*b(j) - 5*x(j). Calculate the remainder when w(6) is divided by 7.
4
Suppose 0 = -p - 3*f + 9 + 12, -2*p + 5*f + 42 = 0. Calculate the remainder when p is divided by (-1)/(225/(-55) - -4).
10
Let l be (-8)/(-40)*45/3. Let i(u) = 2*u + 5. Calculate the remainder when 39 is divided by i(l).
6
Let a be (-30)/(-14) + 7/(-49). Suppose 0*o = a*o - 12. Suppose 0 = v + o - 24. Calculate the remainder when 71 is divided by v.
17
Suppose 1 = 34*m - 135. Calculate the remainder when 120 is divided by m.
0
Let y(c) = -c**3 - 12*c**2 - 35*c - 3. What is the remainder when 314 is divided by y(-8)?
20
Let v(f) = -f**2 + 11*f - 9. Let u be v(10). What is the remainder when 60 is divided by u + -3 - 0 - -23?
18
Let j(v) be the third derivative of v**5/20 - v**4/4 + v**3 - 3*v**2. Let i(f) = -f**3 + 16. Calculate the remainder when j(6) is divided by i(0).
14
Let z = -2612 - -2649. What is the remainder when 262 is divided by z?
3
Let w(q) = -q**2 - 12*q - 19. Let b be w(-9). Let k = b + 24. What is the remainder when k is divided by 5?
2
Suppose 0 = -28*a + 23*a - 180. Let r be a/(4/(-7 - -3)). Suppose 2*l - 26 = r. What is the remainder when l is divided by 8?
7
Suppose -82*h - 2040 = -85*h. What is the remainder when h is divided by 167?
12
Suppose -2*y = -5*u + 33, 0 = -2*y - u - 0 - 3. Calculate the remainder when (-1175)/(-50)*-1*y*1 is divided by 16.
14
Suppose 0 = 4*q + 1 - 13. Suppose 41 + 52 = q*d. Calculate the remainder when 122 is divided by d.
29
What is the remainder when 114 is divided by -4 + 67 + 6 + -7?
52
Suppose c + 2*s - 38 = 16, -2*s + 116 = 2*c. Let m(i) = -i**3 + 5*i**2 - 1. Let o be m(6). Calculate the remainder when c is divided by o/(-3) + (-4)/(-6).
10
What is the remainder when 476 is divided by 434/6 + 4 - 28/21?
26
Suppose 8*x - 4*x + 40 = 0. Let h = x - -28. Calculate the remainder when 125 is divided by h.
17
Let z = -1610 + 2020. Calculate the remainder when z is divided by 110.
80
Let r(h) = 9*h**2 + 3*h. Suppose 0 = -3*k - 118 - 20. Let s = -35 - k. What is the remainder when r(-2) is divided by s?
8
Let k(h) = -36*h + 1. Let t be k(-1). Let y = 24 - 13. Let x = t - y. What is the remainder when x is divided by 14?
12
Let q(o) = 102*o - 163. Calculate the remainder when q(4) is divided by 56.
21
Suppose -4*v + 0*v = 3*k - 16, 0 = 3*k + 6*v - 18. What is the remainder when k is divided by 2?
0
Suppose 17*c - 1612 - 1567 = 0. What is the remainder when c is divided by 61?
4
Let x(b) = b**2 - b - 25. What is the remainder when 101 is divided by x(7)?
16
Let p(v) = 15*v**2 + v + 3. Let z(w) = 15*w**2 + w + 4. Let x(g) = 5*p(g) - 4*z(g). What is the remainder when 28 is divided by x(1)?
13
Let a(r) = -r. Let s(q) = -5*q - 20. Let b(f) = 6*a(f) - s(f). What is the remainder when 20 is divided by b(9)?
9
Suppose -3*m + m = 26. Calculate the remainder when 55 + -1 + (-13)/m is divided by 29.
26
Let c(h) be the second derivative of -h**5/20 + h**4/6 + 4*h**3/3 + 2*h**2 - 18*h. What is the remainder when c(4) is divided by 1?
0
Suppose -2*j = 2*j - 100. What is the remainder when 9 is divided by (-2)/(-10) - (-145)/j?
3
Let z = 36 + -23. Let c(v) = 3*v - 10. What is the remainder when c(z) is divided by 11?
7
Let m be 3/(-4) + (-1209)/(-12). Let j = 41 - m. Let f = j - -82. What is the remainder when f is divided by 6?
5
Let r be ((-1)/(-2))/((-2)/(-16)). Suppose 4*u - 3*f = 28, -28 = -4*u - 0*u - 2*f. Calculate the remainder when u is divided by r/5*5/2.
1
Let b = -472 - -602. What is the remainder when b is divided by 41?
7
Let x(k) = k**3 + 5*k**2 + 6*k + 6. Let u be x(-4). Calculate the remainder when u/(-1*6/339) is divided by 2/(-5) + 441/15.
26
Suppose -336 = -13*m + 2173. Calculate the remainder when m is divided by 40.
33
Let h = 30 - 30. What is the remainder when (-1)/(h + 1/(-67)) is divided by 17?
16
Suppose 0 = 8*w - 197 + 53. Let x(s) be the second derivative of 2*s**4/3 - s**2 + s. Calculate the remainder when x(-3) is divided by w.
16
Let b(i) = 23*i**2 - 4*i - 3. Calculate the remainder when b(-1) is divided by 7.
3
Let s = 0 - -14. Suppose -371 = -10*l + 3*l. Calculate the remainder when l is divided by s.
11
What is the remainder when (9140/140)/((-2)/(-7))*2 is divided by 46?
43
Suppose 0 = 11*y - 137 - 28. What is the remainder when 43 is divided by y?
13
Let f(k) = -5*k + 8. Suppose 0*q + q + 1 = 0, 5*g + 3*q = -18. Calculate the remainder when 66 is divided by f(g).
20
Let s(x) = -x**2 - 23*x - 6. Calculate the remainder when s(-21) is divided by -2 + (-2)/(-1) + 13.
10
Let j = -67 + 103. Let i = -11 - -78. Calculate the remainder when i is divided by j.
31
Let w = 26 - 21. Suppose a = 4*b + 5, a = w*a + 4*b - 20. Suppose 259 = 4*i + 3*n, n - 198 = -a*i + 2*i. Calculate the remainder when i is divided by 14.
11
Let a be (12/5)/(3/15). Let t be 2676/(-72) + 2/a. Calculate the remainder when 1 - 2 - (2 + t) is divided by 9.
7
Let n = -21 + 23. Suppose 14 + 24 = n*d. Calculate the remainder when 35 is divided by d.
16
Suppose 2*h = -2*z + 190, -3*h + 490 = 5*z - h. Suppose 2*d - z = -0*d + 2*t, -3*d = 4*t - 164. What is the remainder when 205 is divided by d?
49
Let b(p) = -2*p + 12. Let d be b(6). Suppose d*j + 10 = j. What is the remainder when (-19)/((1 - 0)*-1) is divided by j?
9
Suppose a + 4*v + 14 = 0, -7*a + 11*a - 3*v - 39 = 0. Calculate the remainder when 124 is divided by a.
4
Suppose -6*h + 20 = -h, -450 = -5*b + 5*h. Suppose -4*r - 5*q = -106, 2*r + r - 2*q - 68 = 0. Calculate the remainder when b is divided by r.
22
Let q(f) = -f + 2*f**3 + 8 - 9*f**3 + 5*f**3 - 9*f**2 + f**3. Let p = -4 + -5. Calculate the remainder when 33 is divided by q(p).
16
Let g = 0 - -5. Suppose 13 = k - 2*s, -2*s + g = k - 8. Let d(q) = 15*q**2 + q - 12. What is the remainder when d(2) is divided by k?
11
Let n = -1388 - -1483. What is the remainder when 1041 is divided by n?
91
Let j(v) = -v**3 + 5*v**2 + 7*v - 1. Let b be j(6). Suppose c = b*c + 496. Let p = 197 + c. What is the remainder when p is divided by 19?
16
Suppose -17 = -2*j + 2*a - 3*a, -3*a - 4 = j. What is the remainder when 41 is divided by j?
8
Let u(c) = 3*c**2 + 2*c - 1. Calculate the remainder when u(6) is divided by 21.
14
Suppose 2*c - 6*c - 16 = 0. Calculate the remainder when (1*-109)/(c + 3) is divided by 28.
25
What is the remainder when (0 + -2)/(64/(-2720)) is divided by 28?
1
Let f(o) = o**3 - 8*o**2 + 12*o - 2. Let q be f(8). Let s = q - -37. What is the remainder when s is divided by 33?
32
Let b = -489 + 494. Calculate the remainder when b is divided by 4.
1
Suppose 2*k = -2*u + 220, -3*u = -3*k + 179 - 521. What is the remainder when 186 is divided by u?
74
Suppose -8*j = -5 - 67. Let l be 4/14 + (-36)/(-21). Suppose 15 = r - l*c + c, -5*c - 41 = -3*r. Calculate the remainder when r is divided by j.
8
Suppose 65*n = 7103 - 2488. Calculate the remainder when n is divided by 43.
28
Suppose 0 = y - 2*n - 62, -8*n = -5*y - 12*n + 268. Calculate the remainder when 277 is divided by y.
53
Let z(o) = -15 + 18*o + 41 - 17*o. Calculate the remainder when z(9) is divided by 12.
11
Let z(q) = -4*q - 13. Suppose -8*k + 168 = -56. Calculate the remainder when k is divided by z(-7).
13
Let f = -388 - -394. Let y = -1 + 12. Calculate the remainder when y is divided by f.
5
Let o(f) = f**3 - 14*f**2 - 14*f + 6. Let w = -50 - -110. Calculate the remainder when w is divided by o(15).
18
Let i(y) = -y**3 + 44*y**2 + 190*y + 111. Calculate the remainder when 61 is divided by i(48).
1
Suppose 4*p - 9*p + 230 = 0. Calculate the remainder when 170 is divided by p.
32
Let z be ((-2)/(-2))/(-1)*(1 - 24). Let t(v) = -v**3 + 23*v**2 - v + 39. What is the remainder when 31 is divided by t(z)?
15
Let m be -1 - (1/4 - (-1476)/(-16)). Suppose -3*l + 3*x + 20 = -m, -25 = -l - 2*x. What is the remainder when l is divided by 9?
6
Suppose 0 = 2*i - 3*i - 33. Suppose 4*o - 10 = -2*n - 116, 3*n + o = -149. Let k = i - n. What is the remainder when 60 is divided by k?
12
Suppose -96 = -5*p - 11*p. Suppose 0 = p*n - 63 + 15. Let a = -27 - -55. What is the remainder when a is divided by n?
4
Suppose -124 = 5*f - 19. Let r = f - -20. Calculate the remainder when (-11 - -12) +